+ 418, -q = 3*q - 2*n - 564. Suppose 0 = 2*b - 2*p - 112 - q, 361 = 3*b + p. List the prime factors of b.
2, 61
Suppose s - 5*j = 36841, -36856 = -s - 11*j + 13*j. What are the prime factors of s?
2, 18433
Let y be (-2)/(9/(54/12)). Let h(v) = -409*v - 34. List the prime factors of h(y).
3, 5
Suppose 1650 = -5*n + 15*n. Let k = -51 + n. Let s = 147 - k. What are the prime factors of s?
3, 11
Let t(g) = g - 3. Let c(o) = o**2 + 9*o + 1. Let f be c(-9). Let w be t(f). List the prime factors of ((-906)/4)/3*(w + 0).
151
Let f = 6071 - 3280. What are the prime factors of f?
2791
Suppose -15 = 4*a + 5. Let f be (-12)/21*(-182)/(-52). List the prime factors of 2 - (a - f) - -75.
2, 5
Let t = 7580 + -4226. What are the prime factors of t?
2, 3, 13, 43
Suppose 4*y = -2*c + 30, -y - 4*c + 28 = 3. Suppose 0 = 3*i + 5 - 2, 3*r = y*i + 188. Suppose -354 = -5*d + r. What are the prime factors of d?
83
Suppose 44*b + 16 = 5*k + 46*b, -k = -4*b - 12. Let n(p) = p**2 - p + 8. Let l(d) = -d**3 + d + 1. Let f(z) = -3*l(z) + n(z). List the prime factors of f(k).
197
Let a(w) = 16*w**2 + 7*w. Suppose 10 = o - 2. Let i be a(o). What are the prime factors of i/21 + -2 + (-6)/(-21)?
2, 7
Let w = 8 + -8. Suppose 3*h + 36 = 3*z, -4*h = -w*z + 2*z - 48. Let n(g) = 8*g - 8. List the prime factors of n(z).
2, 3, 5
Suppose 0 = -d + 6*d - 120. Suppose -a - 3*n + 64 = 0, a + 2*n - 128 = -a. Let w = a - d. List the prime factors of w.
2, 5
Suppose 5*x - 2*v = 42049, -44*x + 2*v = -43*x - 8405. What are the prime factors of x?
13, 647
Let h(u) be the first derivative of -u**3/3 - 14*u**2 - 31*u - 75. List the prime factors of h(-17).
2, 3, 13
Let c be ((-184)/(-24) + -5)/((-6)/(-9)). What are the prime factors of ((-6)/c + 1)/(26/(-5564))?
107
Suppose -3*n = -2618 + 89. Suppose -p + n = -3*w, -2*w = 3*p + 3*w - 2529. List the prime factors of p.
3, 281
Let c(n) = n**2 - 14*n + 937. Suppose y = 23*g - 26*g - 5, -2*g = 5*y + 25. List the prime factors of c(g).
937
Let b be 12/(-15)*30/(-12). Suppose -3*f + b*j + 1599 = 379, j = 2*f - 814. List the prime factors of f.
2, 3, 17
Suppose -3*h + t + 56153 = 0, -20201 = -4*h - 2*t + 54663. List the prime factors of h.
3, 17, 367
Suppose -4*g + 593 = -s, -5*g + 3*s = -638 - 112. Suppose -y - k + 395 = 4*y, 5*y + 2*k = 395. Let v = g - y. What are the prime factors of v?
2, 17
Let a(j) = -5*j + 13. Let c be a(3). Let f be -8 - ((c - -1) + -3) - -4. Suppose -k - 4*l + 8*l + 192 = f, -2*l = 10. List the prime factors of k.
2, 43
Let i(w) = 93*w**2 + 43*w - 6. List the prime factors of i(12).
2, 3, 7, 331
Suppose i - 7*s = 10153, 11*i + 3*s - 40705 = 7*i. List the prime factors of i.
2, 5087
Let p(d) = 87*d - 2469. What are the prime factors of p(52)?
3, 5, 137
List the prime factors of (-100)/(13 - 3) + (-18212)/(-2).
2, 3, 379
Suppose 5*l + 5*o + 146 = -19, 3*o = 5*l + 141. What are the prime factors of (5300/(-125))/(2/l)?
2, 3, 53
Suppose 66*b - 330421 = -73879. List the prime factors of b.
13, 23
Let k = 43379 + -22939. List the prime factors of k.
2, 5, 7, 73
Let u(i) = 8*i**3 - 18*i**2 + i - 1. Let n(o) = 7*o**3 - 17*o**2 + o - 2. Let y(q) = 5*n(q) - 4*u(q). What are the prime factors of y(6)?
2, 3, 5
Suppose -4*q = -5*s - 2*q + 31, 0 = 5*s + 2*q - 19. Suppose 0 = -u - s*w + 46, 0 = -5*u + 3*w + w + 85. Suppose -u*k + 128 = -20*k. List the prime factors of k.
2
Suppose -42 - 2 = p. Let x(r) = 7*r**3 - 134*r**2 + 19*r - 61. Let w be x(19). Let n = p - w. List the prime factors of n.
17
Let l(i) = 2*i**2 - 24*i + 64. Let g be l(8). Suppose -36*m + 14413 + 671 = g. List the prime factors of m.
419
Let h(i) = -i**2 + 14*i - 23. Let j be h(11). Let q be -4 + j - (-1 - 0/(-1)). Suppose -q*y + 30 = -6*y. List the prime factors of y.
2, 3, 5
Let v be 0*(-5)/(30/(-2))*-3. Suppose v = -3*c, g - 3*c = 4*g - 2301. What are the prime factors of g?
13, 59
Let k = 407 - 326. Suppose -83*s + 820 = -k*s. List the prime factors of s.
2, 5, 41
Let q(r) be the second derivative of 5*r**3/6 - 11*r**2 + 21*r. Let a be q(10). Let l = 86 - a. What are the prime factors of l?
2, 29
Let w = 119 + -117. Suppose -w*z + 6 = 2*d + 38, -2*d - 20 = 5*z. List the prime factors of (-2)/(1*1/d).
2, 5
Suppose -9*a = -8*a + 5*c - 64149, -3*a - 4*c + 192447 = 0. What are the prime factors of a?
3, 21383
Let a(m) = 73 - 27 - 58*m - 3*m. List the prime factors of a(-6).
2, 103
Let m(q) = 121*q + 262. Let d be m(10). Suppose -r + 32*b + d = 36*b, 2*b - 2968 = -2*r. What are the prime factors of r?
2, 3, 31
Suppose 88*k - 819 = 85*k. Let m = 409 - k. List the prime factors of m.
2, 17
Suppose -17*v + 72323 = -184585 - 248842. What are the prime factors of v?
2, 5, 7, 17
Suppose -510 = -5*a + 375. Suppose 5*r - 473 = a. What are the prime factors of r?
2, 5, 13
Let a = -52735 - -77865. List the prime factors of a.
2, 5, 7, 359
Suppose 2958 = c - 5*q, -3*c = -3*q - 5039 - 3871. List the prime factors of c.
3, 991
Let x be (-25)/15 - -2 - 2238/(-9). Let w = -148 + x. List the prime factors of w.
101
Suppose 2*g = 5*g - 3, 4*x - 15 = 5*g. Suppose -x*z + 2*a = -647, a - 4 = -0*a. Suppose -o + z = 2*s - 0*s, -4*s + 257 = -3*o. List the prime factors of s.
5, 13
Suppose 0 = -2*v + 7 - 3. Let h = 227 - 95. Suppose -v*z - h = -4*z. List the prime factors of z.
2, 3, 11
Let m be (-3 + (-24)/(-16))*(1 + -3). Suppose 9*f + 5*j + 305 = 10*f, m*j = 4*f - 1203. What are the prime factors of f?
2, 3, 5
Suppose -16 = -4*j, -233 = z + 7*j - 2*j. Let w = 134 - z. What are the prime factors of w?
3, 43
Let k(h) = 330*h - 377. What are the prime factors of k(118)?
7, 787
Let p(m) = m**2 + 20*m - 67. Let r be p(-23). Suppose v + 1238 = r*g, -5*g + 4673 = v + 1592. List the prime factors of g.
617
Let o(c) = c**2 - 7*c - 17. Let j(m) = -2*m**2 + 7*m + 18. Let q(r) = -2*j(r) - 3*o(r). Let p be q(-6). What are the prime factors of (3/p*2)/((-26)/(-5343))?
137
Suppose -329*b = -334*b - 50. List the prime factors of 523 - (22/(-44) + b/4).
2, 263
Let q = -1993 - -4184. Let c = -1300 + q. What are the prime factors of c?
3, 11
Suppose -2561*c + 2552*c + 116352 = 0. List the prime factors of c.
2, 101
Let t(h) = -121*h**3 + h**2 + 2*h + 1. Let r(s) = -s**2 - 10*s + 2. Let q be r(-6). Suppose -25*o + 1 = -q*o. What are the prime factors of t(o)?
11
Let z = 9627 - 5052. What are the prime factors of z?
3, 5, 61
Let r(y) = -3*y**2 + 57*y - 11. Let h be r(18). Let q = -40 + h. What are the prime factors of q?
3
Let p(a) = 94*a**2 - 37*a - 52. What are the prime factors of p(7)?
5, 859
Suppose 3*k - 4*w = 22, -3*k + 6 = -8*k - 4*w. Suppose k*u - 3*x = -x, -3*x = -12. Suppose 5*j + 5*b - 71 = 3*j, -u*b + 66 = 2*j. List the prime factors of j.
23
Let t(u) = 36*u**3 + u**2 - 6*u - 5. Let w be t(-3). Let m be w/(-4) + 3/(-6). Let n = m - 117. What are the prime factors of n?
2, 3, 5
Suppose -59*n + 40204 - 4627 = 0. What are the prime factors of n?
3, 67
Suppose 3*w - 3*b = 11181, -2*w + 25*b = 24*b - 7458. List the prime factors of w.
7, 13, 41
Let g = -43 - -47. Suppose g = -12*a + 8*a. What are the prime factors of a*(597 + 0)/(-3)?
199
What are the prime factors of ((-19638)/27*3)/(4/(-36))?
2, 3, 1091
Let t(u) be the first derivative of 10*u**2 - 7*u + 18. What are the prime factors of t(4)?
73
Suppose -2*t = -t - 10. Suppose -70*r + 34*r + 65*r = 493. Suppose t*p = r*p - 91. What are the prime factors of p?
13
List the prime factors of (7 - (-1 + (-145)/(-20)))*4304.
2, 3, 269
Let r(h) = h**2 + 20*h + 53. Let j be r(-16). Let k(t) = -49*t - 65. List the prime factors of k(j).
2, 3, 79
Let f = 19 - 36. Let g = 22 + f. Suppose g*l + 4*v - 62 = 3*v, 4*v = 3*l - 28. What are the prime factors of l?
2, 3
Let a(j) = 12*j - 45. Let v be a(11). Let z = -3 + v. Suppose -z = -n + i, -3*n - 4*i + 178 = -81. List the prime factors of n.
5, 17
Let y(i) be the first derivative of 2*i**3/3 - 17*i**2/2 + i - 1. Let t be 19 + 1 + (-7 + 5)*4. What are the prime factors of y(t)?
5, 17
Suppose 4*x + 2848 = -5*m - 0*m, 3*x = 4*m - 2136. What are the prime factors of x/10*(-11)/44*10?
2, 89
Let y = 16824 - 9754. List the prime factors of y.
2, 5, 7, 101
Let p = -71 - -73. Let f(n) = 26*n**p + 21*n**2 + 2*n - 18 + 24*n**2 - 70*n**2. List the prime factors of f(11).
5
Let v = -7 - -10. Suppose 2*y + 3*w - 35 = -v*y, 0 = y 